 -7?
5
Let r(s) = 2*s**2 + s - 1. What is the remainder when 49 is divided by r(-3)?
7
Suppose 7*p - 2*p = 10. Suppose 6*v - p*v = 28. What is the remainder when 25 is divided by v?
4
Suppose 4*w - 205 = -3*m, -95 = -2*w - 2*m - m. Calculate the remainder when 109 is divided by w.
54
Suppose -3*a + 136 = 832. What is the remainder when 71 is divided by a/(-13) + (-22)/(-143)?
17
Let a = -143 - -213. What is the remainder when a is divided by 18?
16
What is the remainder when (-1)/3 - 300/(-36) is divided by 6?
2
Suppose 5*f - 17 = -w + 11, 30 = 5*w + 3*f. What is the remainder when 15 is divided by w?
0
Suppose 0 = -5*p + 17 + 38. Let u(s) = s**2 - s - 4. Let o be u(4). Suppose 38 = 5*v + o. What is the remainder when p is divided by v?
5
Let i = -6 - 27. Let z = i - -48. Let l(h) = -7*h - 7. Calculate the remainder when l(-5) is divided by z.
13
Suppose 2*k = -5*k + 581. Calculate the remainder when k is divided by 24.
11
Suppose s = 2*c + 16, 69 = 5*s - s - 3*c. Calculate the remainder when 31 is divided by s.
13
Suppose -2*w + 45 = 3*w. What is the remainder when w is divided by (-27)/(-45) + 34/10?
1
Suppose -7 - 7 = -2*f. Let l = f + -3. Suppose -5*x + 108 = 4*g - 6, 48 = 2*x + l*g. What is the remainder when 64 is divided by x?
20
Let o(j) = -4*j**2 - 5 + 2*j**3 + 3 - 4*j**3. Let z(y) = y**3 - 4*y**2 + 4*y - 3. Let r be z(2). What is the remainder when o(r) is divided by 6?
4
Let n = -6 - -40. Calculate the remainder when n is divided by 12.
10
Let y(o) = -o**3 + 6*o**2 - 8*o + 4. Let r be y(6). Let c = -25 - r. Suppose l - 17 = 2*l + 5*g, 0 = 5*l - g - c. What is the remainder when 8 is divided by l?
2
Suppose -3*f + u = 9 - 23, 4*u + 29 = 3*f. Calculate the remainder when (-47)/(-4) + 7/(28/(-3)) is divided by (2 - (-2)/(-3))*f.
3
Suppose o - 17 - 2 = 0. What is the remainder when o is divided by 7?
5
Suppose -3*h + i + 98 = -149, h + 2*i = 87. Let a = h - 52. Calculate the remainder when a is divided by 11.
9
Let r = -1 + 10. What is the remainder when (-2)/4 + 102/4 is divided by r?
7
Let j(h) = h**3 + 5*h**2 - 8*h - 6. Let d = -2 + 19. What is the remainder when d is divided by j(-6)?
5
Suppose -5*j - 76 + 631 = 0. What is the remainder when j is divided by 28?
27
Suppose 0 = -4*k + 3*k + 7. What is the remainder when (-132)/9*(-3)/2 is divided by k + 3/(-6)*-2?
6
Let b = 10 + 0. Let m = 41 - 13. Calculate the remainder when m is divided by b.
8
Let j(n) = 11*n - 18*n + 10*n. What is the remainder when 12 is divided by j(1)?
0
Let y = 9 - -11. Calculate the remainder when y is divided by 11.
9
Let l(j) be the first derivative of j**3/3 - 2*j**2 - 7*j - 2. What is the remainder when l(9) is divided by 13?
12
Suppose -4*q - d = -23, 2*d + 2 + 15 = q. Let v(n) = n**2 + 5*n + 7. Calculate the remainder when v(-6) is divided by q.
6
Let r = 61 + -45. Calculate the remainder when 61 is divided by r.
13
Suppose 0 = -3*r - r + 40. Let o = 11 + r. Calculate the remainder when 61 is divided by o.
19
Let l(g) = 4*g. Suppose -9 - 15 = -4*j. Suppose -3*s = 3*c - 3, -5*c + 3*s = -7 - j. Calculate the remainder when l(1) is divided by c.
0
Let n(w) = w**2 + 0 + 1 - 3. Let g be n(-2). Suppose 0 = 4*f + 5*u - 9, -3*f + g = 4*u - 5. Calculate the remainder when f is divided by 1.
0
Suppose -5 = -q - 2*l + 10, 2*l = -3*q + 45. What is the remainder when 42 is divided by q?
12
Let c be (-1)/(2 - 9/4). Let r = 9 + c. Calculate the remainder when 36 is divided by r.
10
Let g(i) = -3*i - 22. What is the remainder when g(-15) is divided by 13?
10
Suppose -4*u - 14 + 370 = 0. Calculate the remainder when u is divided by 23.
20
Let c = 4 + 18. Calculate the remainder when c is divided by 12.
10
Suppose 0 = 5*x - x - 48. Calculate the remainder when (92/3)/(6 + (-112)/21) is divided by x.
10
Let n(c) = 3*c**2 + c - 1. What is the remainder when 11 is divided by n(-2)?
2
Let f be ((-3)/(-6))/(2/12). Let q be (-2 + 4)*(14 + f). Suppose 71 = 5*r + 2*v - v, -v = -2*r + q. What is the remainder when 42 is divided by r?
12
Let l = 105 - 77. What is the remainder when 109 is divided by l?
25
Let i = -20 - -26. Calculate the remainder when i is divided by 1.
0
Let n be -6*((-2)/6 - -1). Calculate the remainder when 2/(-4) + 468/8 is divided by n/26 + 1572/78.
18
Suppose -x + 30 = 4*f, 2 = -2*x + x. Calculate the remainder when 70 is divided by f.
6
Let l(m) = -m**2 + m + 69 + 0*m**3 - 8 - m**3. Let f be l(0). Suppose -5*w + 48 = -4*r, 5*w = 2*r + f - 7. Calculate the remainder when 22 is divided by w.
10
Let n = 50 - 26. What is the remainder when 71 is divided by n?
23
Suppose -2*m - 3*h + 0 + 11 = 0, -4*h = 2*m - 14. Let w = 1 + m. Calculate the remainder when 4 is divided by (w - 1)/(2/6).
1
Suppose -7 = -c - 1. Let s = c + 5. What is the remainder when s is divided by 3?
2
Let b(j) = -6 + 8*j + 1 + 8. Calculate the remainder when b(2) is divided by 10.
9
Suppose a - 6*a = -130. Suppose -456 = -23*w + 17*w. What is the remainder when w is divided by a?
24
Suppose 0*x + x - 7 = 0. Suppose 10 = l - 5*a, -116 = -5*l + 6*a - 3*a. Suppose 1 - l = -2*o. Calculate the remainder when o is divided by x.
5
Let u(z) = -z**2 - 4*z + 3. Let h = -1 + -3. Calculate the remainder when u(h) is divided by 2.
1
Let z = -2 + 79. Suppose -5*v + 23 = -z. Calculate the remainder when v is divided by 7.
6
Let a(l) = -l**2 + 12*l - 10. Let g be 17/(-2) + 1/(-2). Let x = g - -16. Calculate the remainder when a(x) is divided by 13.
12
Suppose -25 = -3*t - 2*t, -22 = -4*x - 2*t. What is the remainder when 6 is divided by x?
0
Let j = 57 + -98. Let z = j - -87. What is the remainder when z is divided by 141/9 - 1/(-3)?
14
Suppose -2*t + 16 + 18 = 0. Let h = -12 + t. Let g = 1 + h. What is the remainder when 11 is divided by g?
5
Let z(j) = -j**3 + 5*j**2 + 4*j - 4. Let o be z(5). Suppose -s + o = 6. Suppose -a + 5 + s = 0. What is the remainder when 28 is divided by a?
13
Suppose 264 = 10*h - 6. Calculate the remainder when 133 is divided by h.
25
What is the remainder when (-3021)/(-21) + -2 + (-45)/(-21) is divided by 49?
46
Suppose 3*h - 21 = -3*b, 14 = 4*b + 2*h - 5*h. Calculate the remainder when 18 is divided by b.
3
Let x(v) be the first derivative of -3*v**2/2 + 2*v - 3. Calculate the remainder when 40 is divided by x(-4).
12
Suppose 5*o = 6*o + 3*w + 2, -5*o - 3*w + 14 = 0. Suppose o*k - 26 = -2*h, 3*h + 0*k + 1 = 2*k. Calculate the remainder when h is divided by 2.
1
Suppose 8*d + 231 = 15*d. Calculate the remainder when d is divided by 14.
5
Suppose 2*a = -0*a + 3*x - 12, 4*x = 3*a + 17. What is the remainder when (0 + -19)*(2 + a) is divided by 5?
4
Let q(o) be the third derivative of -1/40*o**6 + 1/8*o**4 - 3*o**2 - 1/60*o**5 + 1/3*o**3 + 0 + 0*o. Calculate the remainder when 31 is divided by q(-2).
15
Let s(z) = -z**3 + 10*z**2 + 10*z + 16. Let a be s(11). Suppose a*h + 20 = 55. Calculate the remainder when 12 is divided by h.
5
Let v(i) = i**2 + 3*i + 1. What is the remainder when v(-6) is divided by 1 + -3 + 9 + 3?
9
Let n(k) = -k**3 - 5*k**2 - 7*k - 5. Let c be (-4)/1*(-1)/1. Suppose -c = 2*d - 44. Calculate the remainder when d is divided by n(-4).
6
Suppose -2*u + 3*x + 42 = -0*u, -38 = -2*u + 4*x. What is the remainder when u is divided by (14/4)/((-1)/(-2))?
6
Suppose 0 = 5*o - 3*v + 1, 5*o + 5 = 4*v + 2. Let a = 48 + -29. Calculate the remainder when -2 + 37/o + 2 is divided by a.
18
Let z = -7 + 25. Suppose 3*n + 48 = -z. Let i = -13 - n. What is the remainder when 16 is divided by i?
7
Let p(k) = k**3 + k**2 + 28. What is the remainder when 53 is divided by p(0)?
25
Let g(f) = -f**3 - f**2 - f + 122. Suppose 0 = -6*i + 242 - 56. What is the remainder when g(0) is divided by i?
29
Suppose 18*a - 80 = 8*a. Calculate the remainder when 111 is divided by a.
7
Suppose -5*d + 28 - 18 = 0. Suppose -d*t = -24 + 4. Calculate the remainder when 28 is divided by t.
8
What is the remainder when 12 is divided by 62/14 + 3/(-7)?
0
Let r(n) = -n + 7. Calculate the remainder when 15 is divided by r(4).
0
Suppose 4*w = 4*k - 3*k - 12, -5*k = 5*w - 185. What is the remainder when 285 is divided by k?
29
Suppose -134 = -4*i + 5*f - 25, 2*f = 3*i - 73. What is the remainder when 39 is divided by i?
18
Suppose -3*t + 9 = -0*t. Let p be (-20)/6 - (-1)/t. Let d = p + 6. Calculate the re